 5/2*s**2 + 0 + 2*s. Let c be l(-7). Calculate the highest common factor of c and 6.
6
Suppose 3*d + 2*d = -70. Let o = d - -33. Suppose j - 75 = 96. Calculate the greatest common divisor of j and o.
19
Let w = -4 + 8. Suppose -15 = -2*o + 3*j, -j - 20 = -w*o + 3*j. Suppose o = 4*y - 52 - 0. What is the highest common divisor of 91 and y?
13
Suppose -w + 1040 = 12*w. What is the greatest common divisor of w and 32?
16
Let u = 78 + -39. Calculate the greatest common factor of 156 and u.
39
Let f = 76 + -59. Calculate the highest common factor of 51 and f.
17
Suppose 20*r = 21*r - 10. What is the greatest common divisor of r and 110?
10
Let d = 45 + 292. Let t = 220 - d. Let j = -5 - t. Calculate the greatest common divisor of j and 16.
16
Let s(b) = 10*b + 2. Let i be s(11). Calculate the highest common factor of i and 16.
16
Suppose 5*f - 5*o = 1165, 5*f - o = -13 + 1198. Calculate the greatest common divisor of 34 and f.
34
Let x(d) = d**2 - 3*d + 3. Let m be x(3). Let i(q) = 3*q**2 + q - 4*q**m + q - 8*q**3. Let b be i(-2). What is the greatest common factor of b and 13?
13
Suppose -g + 22 = -5*l - 73, -10 = 5*l. What is the greatest common divisor of 17 and g?
17
Suppose -d = s - 6, 5*s + 3*d - 50 = 2*d. What is the highest common factor of 88 and s?
11
Suppose c + 2*c = 0, 4*c + 14 = 2*d. Calculate the highest common divisor of d and 63.
7
Suppose 3*x = -2*x + 5*h - 15, -4*h = x - 22. Suppose x*i + 120 = 4*i. Suppose -5*z = -3*z - i. Calculate the highest common factor of z and 75.
15
Let c = 59 + -39. Let m be (-1)/1*(-35)/7. Let i be 12/m*c/3. What is the highest common divisor of 4 and i?
4
Let w be 1*-12*1/(-2). Let c be 8/6 - 2/(-3). Suppose -3*x + 164 - c = 0. Calculate the greatest common divisor of x and w.
6
Let b(n) = 2*n + 13. Let c be b(5). Calculate the highest common divisor of c and 115.
23
Let g(x) be the second derivative of -2*x - 3*x**3 - 1/2*x**2 + 0. Let w be g(-2). What is the highest common divisor of 5 and w?
5
Suppose -a + 5*q = 0, -2*a - 5*q - 10 = -5*a. Calculate the highest common factor of 20 and a.
5
Let m be 2/(-4)*6 - -8. What is the highest common factor of m and 55?
5
Suppose 0*p = -p - 2. Let x be ((-3)/2 - -1)*p. Calculate the greatest common factor of x and 1.
1
Let d(q) = 2*q**2 - 8*q - 18. Let j be d(6). What is the greatest common divisor of 2 and j?
2
Let w(b) = -b**3 - 7*b**2 - 2*b + 6. Let g = -13 - 3. Let a = g - -9. Let j be w(a). Calculate the greatest common factor of 50 and j.
10
Let c = -4 + 5. Let d(y) = -y**2 + 5*y + 2. Let x be d(5). Calculate the greatest common divisor of c and x.
1
Let i = 74 + -42. Suppose 0 = -j - 2*q - 12 + i, 4*q + 70 = 3*j. Let s be (4/5)/(4/10). What is the highest common divisor of j and s?
2
Suppose s = 3*f + f + 37, -2*f = 2. What is the highest common divisor of s and 3?
3
Suppose -2*s = -6*s + 16. Let u be 8 - (-12)/s*1. What is the greatest common divisor of u and 44?
11
Suppose -5*f + 4*u + 665 = u, 5*f + u - 645 = 0. What is the highest common factor of f and 26?
26
Suppose -20 = -5*c, 5*c = -2*p + 127 - 29. Let w = -26 + p. What is the highest common factor of 52 and w?
13
Let f be 5/(-2) + (-3)/(-6). Let z(y) be the third derivative of y**5/30 - y**3/6 - y**2. Let b be z(f). Calculate the greatest common divisor of 7 and b.
7
Let y = 29 - 21. What is the highest common divisor of y and 56?
8
Let z = 37 - 25. What is the highest common divisor of z and 60?
12
Let o = 333 + -200. Suppose 33 - o = -2*g. Calculate the greatest common divisor of 20 and g.
10
Let p(i) = 66*i**2 + 2. Let k be p(1). What is the highest common factor of k and 102?
34
Suppose -8 = b - 2*b. Suppose -2*a = 2*a + b. Let h be (-54)/a - (2 - 3). Calculate the greatest common divisor of h and 42.
14
Suppose 0 = 2*i + 51 + 147. Let z = i + 169. What is the highest common factor of z and 14?
14
Let f be -2*6/(-4)*(10 + -3). Calculate the highest common factor of f and 84.
21
Let g = -44 + 94. Let l be (2/(-5))/((-1)/g). Calculate the greatest common divisor of 220 and l.
20
Let d(l) = 3*l + 1. Let t(a) = a + 1. Let r(j) = 2*d(j) + 2*t(j). Let z be r(5). What is the highest common factor of 11 and z?
11
Let h be 184/(-18) - 6/(-27). Let i be (3 + -1)*(-175)/h. What is the greatest common divisor of 14 and i?
7
Suppose 0*j + 2*j = 40. Let n = j - 9. Let l(q) = q**3 + 3*q**2 - 4*q + 1. Let h be l(-4). What is the highest common factor of h and n?
1
Let p = -4 + 6. Suppose -p*j = -3*j. Let c = 13 + j. Calculate the highest common divisor of c and 104.
13
Let f(u) = -u**2 + 5*u + 7. Let j be f(6). What is the greatest common factor of 1 and j?
1
Let m be (1 - (-6 + 2)) + 0. Suppose 19 + 41 = -m*s. Let l = s - -21. What is the greatest common divisor of l and 9?
9
Suppose c - 26 = -6. Suppose -2*h + 8 = -2. Let g(b) = b**3 - 6*b + 5. Let r be g(h). Calculate the highest common factor of r and c.
20
Suppose 0 = n - 4*n. Suppose n = 5*c - 0*c - 50. Calculate the highest common factor of c and 10.
10
Suppose -5*x - 4*v + 220 = -0*x, -v = x - 45. Suppose -4*p - 4*q + 20 = -q, 0 = -4*p + q + 20. Calculate the highest common factor of x and p.
5
Let g(o) = o**2 - 3*o - 4. Let z be g(-3). Suppose 2*q = z - 2. Let w be 135/5*8/q. Calculate the highest common factor of w and 18.
18
Let v = 24 + -10. What is the greatest common divisor of v and 7?
7
Let b(m) = 11*m**3 - 6*m**2 - 2*m. Let u be b(-4). Let i = -376 - u. Suppose 0 = 4*p - 0*p - i. What is the greatest common divisor of 13 and p?
13
Suppose p + 4*m = 62, -5*m + 2*m = -9. Let t = -29 + p. What is the highest common factor of t and 14?
7
Suppose -20 = 2*r - 5*m - 3, -2*r - 4*m = -10. Let j = 3 - r. Suppose 2*o = -4*w + 40, 4*o + 5*w + 36 = 101. What is the greatest common divisor of j and o?
2
Let h = 3 + 0. Suppose h*f + 3*i = 105, -3*f + 5*i - 4*i = -85. Suppose 12 = 5*o - 18. What is the highest common factor of o and f?
6
Let o(b) = -7*b**3 + b**2. Let a be o(-1). Let k = -31 + 71. Calculate the highest common divisor of a and k.
8
Let q = -68 + 132. Suppose 0 = -5*m + 12 + 28. What is the highest common divisor of q and m?
8
Let u(b) = b**3 - 4*b. Let a be u(3). Suppose 3*o - a = -6. Calculate the highest common divisor of o and 15.
3
Suppose 0 = 2*y - 198 + 70. What is the highest common factor of y and 16?
16
Let h = 55 + -11. Suppose 5*z = -8*v + 4*v + 326, -3*z + 197 = v. Calculate the highest common factor of z and h.
22
Let p(f) = -3*f - 2. Let v be p(2). Let m be v/20*5/(-1). What is the greatest common divisor of m and 3?
1
Suppose 0 = 5*z - k - 27, 0 = 4*z + 4*k - 4 - 8. Let n = z - -4. Let h = 10 - 7. Calculate the greatest common factor of n and h.
3
Let q = 164 - 99. What is the highest common divisor of 78 and q?
13
Suppose -3*r + 6*r - 972 = 0. Suppose 0 = 3*c - 6*c + r. Calculate the greatest common factor of c and 12.
12
Let a = 5 - 1. Let g(r) = 6*r + 3. Let w be g(a). Suppose 4*v - 12 - 24 = 0. What is the greatest common factor of w and v?
9
Suppose 9 - 59 = -t. What is the greatest common factor of t and 25?
25
Let a = -61 - -81. What is the highest common divisor of a and 4?
4
Let r be 2/(-4) - 28/(-8). Suppose -g = -3*f + 103, 0 = -2*f + r*g + 77 - 6. What is the greatest common divisor of 17 and f?
17
Let k = 16 + -11. Calculate the highest common factor of 25 and k.
5
Let t(n) = n**3 + 10*n**2 - n - 4. Let f be t(-10). Suppose f*b - 50 = b. What is the greatest common divisor of 30 and b?
10
Suppose -63 = 2*i + 5*d - 17, -82 = 4*i + 5*d. Let h be (-6)/i - (-10)/(-3). Let f be ((-4)/(-6) + -2)*h. Calculate the highest common divisor of f and 8.
4
Suppose 3*z - 253 = 5*f, -392 = -4*z + 2*f - 36. Let d = 2 - -11. What is the greatest common divisor of d and z?
13
Suppose 18 = -5*q + 88. Calculate the highest common factor of q and 126.
14
Suppose 0 = -4*w + 3*r + 269, -5*w = -2*w - r - 203. Calculate the greatest common factor of 170 and w.
34
Let k(d) = -54*d + 3. Let u be -1*(-4 - -4 - -3). Let y be k(u). Calculate the greatest common factor of 15 and y.
15
Let a = -1 - -2. Let t be (0 - 0)/(-2) - -2. Suppose 0 = -t*q - q + 6. What is the highest common factor of q and a?
1
Suppose -6 = -2*o + 8. Let a = 31 - 75. Let s = -9 - a. What is the greatest common factor of o and s?
7
Let c = -17 - -41. Suppose h = -2*